{"id":133,"date":"2025-01-11T17:56:06","date_gmt":"2025-01-11T16:56:06","guid":{"rendered":"https:\/\/simoneetanna.fr\/?page_id=133"},"modified":"2025-10-10T14:41:29","modified_gmt":"2025-10-10T12:41:29","slug":"simone-anna-qui-suis-je","status":"publish","type":"page","link":"https:\/\/simoneetanna.fr\/index.php\/simone-anna-qui-suis-je\/","title":{"rendered":"Simone &amp; Anna"},"content":{"rendered":"\n<div style=\"height:55px\" aria-hidden=\"true\" class=\"wp-block-spacer\"><\/div>\n\n\n\n<h3 class=\"wp-block-heading has-text-align-center has-ast-global-color-2-color has-text-color has-link-color has-tan-meringue-font-family wp-elements-5378f0920ce31a461dfdc3ce009510c4\" style=\"font-size:20px\">Qui suis-je ?<\/h3>\n\n\n\n<hr class=\"wp-block-separator has-alpha-channel-opacity\"\/>\n\n\n\n<div class=\"wp-block-columns alignwide are-vertically-aligned-center is-layout-flex wp-container-core-columns-is-layout-1e297cbc wp-block-columns-is-layout-flex\" style=\"padding-top:var(--wp--preset--spacing--70);padding-bottom:var(--wp--preset--spacing--70)\">\n<div class=\"wp-block-column is-vertically-aligned-center is-layout-flow wp-block-column-is-layout-flow\" style=\"flex-basis:100%\">\n<div class=\"wp-block-group is-layout-constrained wp-block-group-is-layout-constrained\">\n<div class=\"wp-block-columns is-layout-flex wp-container-core-columns-is-layout-28f84493 wp-block-columns-is-layout-flex\">\n<div class=\"wp-block-column is-layout-flow wp-block-column-is-layout-flow\" style=\"flex-basis:100%\">\n<div class=\"wp-block-group is-horizontal is-nowrap is-layout-flex wp-container-core-group-is-layout-e6373a4b wp-block-group-is-layout-flex\" style=\"margin-top:0;margin-bottom:0;padding-top:0;padding-right:var(--wp--preset--spacing--20);padding-bottom:0;padding-left:var(--wp--preset--spacing--20)\">\n<div class=\"wp-block-columns alignwide is-layout-flex wp-container-core-columns-is-layout-28f84493 wp-block-columns-is-layout-flex\">\n<div class=\"wp-block-column is-vertically-aligned-stretch is-layout-flow wp-block-column-is-layout-flow\">\n<figure class=\"wp-block-image size-large\"><img loading=\"lazy\" decoding=\"async\" width=\"768\" height=\"1024\" src=\"https:\/\/simoneetanna.fr\/wp-content\/uploads\/2025\/10\/DCDE99D7-E8B2-4C6C-8227-31917B2147D3-768x1024.jpeg\" alt=\"\" class=\"wp-image-1582\" style=\"object-fit:cover\" srcset=\"https:\/\/simoneetanna.fr\/wp-content\/uploads\/2025\/10\/DCDE99D7-E8B2-4C6C-8227-31917B2147D3-768x1024.jpeg 768w, https:\/\/simoneetanna.fr\/wp-content\/uploads\/2025\/10\/DCDE99D7-E8B2-4C6C-8227-31917B2147D3-225x300.jpeg 225w, https:\/\/simoneetanna.fr\/wp-content\/uploads\/2025\/10\/DCDE99D7-E8B2-4C6C-8227-31917B2147D3-1152x1536.jpeg 1152w, https:\/\/simoneetanna.fr\/wp-content\/uploads\/2025\/10\/DCDE99D7-E8B2-4C6C-8227-31917B2147D3-1536x2048.jpeg 1536w, https:\/\/simoneetanna.fr\/wp-content\/uploads\/2025\/10\/DCDE99D7-E8B2-4C6C-8227-31917B2147D3-scaled.jpeg 1920w\" sizes=\"auto, (max-width: 768px) 100vw, 768px\" \/><\/figure>\n<\/div>\n\n\n\n<div class=\"wp-block-column is-vertically-aligned-stretch is-layout-flow wp-block-column-is-layout-flow\">\n<p class=\"has-ast-global-color-2-color has-text-color has-link-color wp-elements-cc88b22d6ec6c51d843ea9e9eba827c6\" style=\"font-size:16px\">Je m\u2019appelle <strong>Sophie<\/strong>, et apr\u00e8s 7 ann\u00e9es passionnantes dans la communication et l\u2019\u00e9v\u00e9nementiel, j\u2019ai d\u00e9cid\u00e9 de cr\u00e9er <strong>Simone &amp; Anna<\/strong>, mon agence de wedding et event planning. <\/p>\n\n\n\n<p class=\"has-ast-global-color-2-color has-text-color has-link-color wp-elements-40d688622d928b837253e178adb53958\" style=\"font-size:16px\">Pourquoi ? Parce que ce m\u00e9tier me permet de faire ce que j\u2019aime le plus : cr\u00e9er des moments uniques et voir le bonheur dans les yeux des gens.<\/p>\n\n\n\n<p class=\"has-ast-global-color-2-color has-text-color has-link-color wp-elements-946642c66fe2d0d0796d1f2b66cb3307\" style=\"font-size:16px\">Pour moi, un mariage, ce n\u2019est pas juste une journ\u00e9e, c\u2019est un souvenir qui reste grav\u00e9 dans la m\u00e9moire, un moment suspendu o\u00f9 tout doit \u00eatre parfait pour que vous puissiez simplement profiter, rire, aimer, et vivre votre journ\u00e9e pleinement.<\/p>\n\n\n\n<p class=\"has-ast-global-color-2-color has-text-color has-link-color wp-elements-a742449581e11f66cfc98fa9ae14c1fa\" style=\"font-size:16px\"><strong>Mon moteur ?<\/strong> Participer \u00e0 la cr\u00e9ation de ces instants de bonheur et de partage, \u00eatre l\u00e0 pour imaginer avec vous, orchestrer chaque d\u00e9tail, et m\u2019assurer que tout se d\u00e9roule comme vous l&#8217;avez r\u00eav\u00e9.<\/p>\n\n\n\n<p class=\"has-ast-global-color-2-color has-text-color has-link-color wp-elements-f614e3ecbead6ecc63b98a25601dd495\" style=\"font-size:16px\"><strong>Ma petite phrase f\u00e9tiche :<\/strong>  \u00ab Ils ne savaient pas que c&#8217;\u00e9tait impossible, alors ils l&#8217;ont fait. \u00bb \u2013 Mark Twain.<\/p>\n\n\n\n<p class=\"has-ast-global-color-2-color has-text-color has-link-color wp-elements-a08e777eeb313eab343b2aa242e692c0\" style=\"font-size:16px\"> Si vous \u00eates pr\u00eats \u00e0 imaginer ensemble votre grand jour, je serais ravie de vous rencontrer et de commencer cette belle aventure \u00e0 vos c\u00f4t\u00e9s.<\/p>\n<\/div>\n<\/div>\n<\/div>\n<\/div>\n<\/div>\n<\/div>\n<\/div>\n<\/div>\n\n\n\n<div class=\"wp-block-group alignfull has-ast-global-color-3-background-color has-background is-layout-constrained wp-block-group-is-layout-constrained\">\n<h4 class=\"wp-block-heading has-text-align-center has-ast-global-color-1-color has-text-color has-link-color has-tan-meringue-font-family wp-elements-ae99500b4ad346edd308ea0d4335f8f7\" style=\"padding-top:var(--wp--preset--spacing--40);padding-bottom:var(--wp--preset--spacing--40);font-size:17px\">Echangeons autour de votre projet !<\/h4>\n\n\n\n<hr class=\"wp-block-separator has-text-color has-ast-global-color-1-color has-alpha-channel-opacity has-ast-global-color-1-background-color has-background is-style-default\"\/>\n\n\n\n<p class=\"has-text-align-center has-ast-global-color-1-color has-text-color has-link-color wp-elements-a608894799ed19054aaf0dbaba4fb9d0\">Parlez-nous de votre projet ! Nous mettons toute notre expertise au service de votre \u00e9v\u00e9nement pour que votre jour J soit une exp\u00e9rience inoubliable. <\/p>\n\n\n\n<div class=\"wp-block-buttons is-content-justification-center is-layout-flex wp-container-core-buttons-is-layout-fe1bbffc wp-block-buttons-is-layout-flex\" style=\"padding-top:var(--wp--preset--spacing--30);padding-bottom:var(--wp--preset--spacing--30)\">\n<div class=\"wp-block-button\"><a class=\"wp-block-button__link has-ast-global-color-1-color has-ast-global-color-2-background-color has-text-color has-background has-link-color has-custom-font-size wp-element-button\" href=\"https:\/\/simoneetanna.fr\/index.php\/contact\/\" style=\"padding-top:var(--wp--preset--spacing--30);padding-bottom:var(--wp--preset--spacing--30);font-size:16px\">EN SAVOIR PLUS<\/a><\/div>\n<\/div>\n<\/div>\n\n\n\n<div style=\"height:60px\" aria-hidden=\"true\" class=\"wp-block-spacer\"><\/div>\n\n\n\n<figure class=\"wp-block-image aligncenter size-large is-resized\"><a href=\"https:\/\/simoneetanna.fr\/\"><img loading=\"lazy\" decoding=\"async\" width=\"1024\" height=\"340\" src=\"http:\/\/simoneetanna.fr\/wp-content\/uploads\/2025\/01\/cropped-cropped-Simone-anna-6-1024x340.png\" alt=\"\" class=\"wp-image-99\" style=\"width:350px\" srcset=\"https:\/\/simoneetanna.fr\/wp-content\/uploads\/2025\/01\/cropped-cropped-Simone-anna-6-1024x340.png 1024w, https:\/\/simoneetanna.fr\/wp-content\/uploads\/2025\/01\/cropped-cropped-Simone-anna-6-300x100.png 300w, https:\/\/simoneetanna.fr\/wp-content\/uploads\/2025\/01\/cropped-cropped-Simone-anna-6-768x255.png 768w, https:\/\/simoneetanna.fr\/wp-content\/uploads\/2025\/01\/cropped-cropped-Simone-anna-6-1536x510.png 1536w, https:\/\/simoneetanna.fr\/wp-content\/uploads\/2025\/01\/cropped-cropped-Simone-anna-6-150x50.png 150w, https:\/\/simoneetanna.fr\/wp-content\/uploads\/2025\/01\/cropped-cropped-Simone-anna-6.png 1559w\" sizes=\"auto, (max-width: 1024px) 100vw, 1024px\" \/><\/a><\/figure>\n\n\n\n<div style=\"height:22px\" aria-hidden=\"true\" class=\"wp-block-spacer\"><\/div>\n\n\n\n<div class=\"wp-block-buttons has-custom-font-size has-ast-global-color-1-background-color has-background is-horizontal is-content-justification-right is-layout-flex wp-container-core-buttons-is-layout-c8bf12ed wp-block-buttons-is-layout-flex\" style=\"margin-top:0;margin-bottom:0;padding-top:0;padding-right:0;padding-bottom:0;padding-left:0;font-size:9px\">\n<div class=\"wp-block-button\"><a class=\"wp-block-button__link has-ast-global-color-2-color has-ast-global-color-1-background-color has-text-color has-background has-link-color has-custom-font-size wp-element-button\" href=\"https:\/\/simoneetanna.fr\/\" style=\"padding-top:var(--wp--preset--spacing--20);padding-right:var(--wp--preset--spacing--30);padding-bottom:var(--wp--preset--spacing--20);padding-left:var(--wp--preset--spacing--30);font-size:12px\">Retour \u00e0 l&#8217;accueil<\/a><\/div>\n<\/div>\n\n\n\n<div style=\"height:22px\" aria-hidden=\"true\" class=\"wp-block-spacer\"><\/div>\n","protected":false},"excerpt":{"rendered":"<p>Qui suis-je ? Je m\u2019appelle Sophie, et apr\u00e8s 7 ann\u00e9es passionnantes dans la communication et l\u2019\u00e9v\u00e9nementiel, j\u2019ai d\u00e9cid\u00e9 de cr\u00e9er [&hellip;]<\/p>\n","protected":false},"author":1,"featured_media":0,"parent":0,"menu_order":0,"comment_status":"closed","ping_status":"closed","template":"","meta":{"site-sidebar-layout":"default","site-content-layout":"","ast-site-content-layout":"","site-content-style":"default","site-sidebar-style":"default","ast-global-header-display":"","ast-banner-title-visibility":"","ast-main-header-display":"","ast-hfb-above-header-display":"","ast-hfb-below-header-display":"","ast-hfb-mobile-header-display":"","site-post-title":"disabled","ast-breadcrumbs-content":"","ast-featured-img":"","footer-sml-layout":"","theme-transparent-header-meta":"","adv-header-id-meta":"","stick-header-meta":"","header-above-stick-meta":"","header-main-stick-meta":"","header-below-stick-meta":"","astra-migrate-meta-layouts":"default","ast-page-background-enabled":"default","ast-page-background-meta":{"desktop":{"background-color":"var(--ast-global-color-5)","background-image":"","background-repeat":"repeat","background-position":"center center","background-size":"auto","background-attachment":"scroll","background-type":"","background-media":"","overlay-type":"","overlay-color":"","overlay-opacity":"","overlay-gradient":""},"tablet":{"background-color":"","background-image":"","background-repeat":"repeat","background-position":"center center","background-size":"auto","background-attachment":"scroll","background-type":"","background-media":"","overlay-type":"","overlay-color":"","overlay-opacity":"","overlay-gradient":""},"mobile":{"background-color":"","background-image":"","background-repeat":"repeat","background-position":"center center","background-size":"auto","background-attachment":"scroll","background-type":"","background-media":"","overlay-type":"","overlay-color":"","overlay-opacity":"","overlay-gradient":""}},"ast-content-background-meta":{"desktop":{"background-color":"var(--ast-global-color-4)","background-image":"","background-repeat":"repeat","background-position":"center center","background-size":"auto","background-attachment":"scroll","background-type":"","background-media":"","overlay-type":"","overlay-color":"","overlay-opacity":"","overlay-gradient":""},"tablet":{"background-color":"var(--ast-global-color-4)","background-image":"","background-repeat":"repeat","background-position":"center center","background-size":"auto","background-attachment":"scroll","background-type":"","background-media":"","overlay-type":"","overlay-color":"","overlay-opacity":"","overlay-gradient":""},"mobile":{"background-color":"var(--ast-global-color-4)","background-image":"","background-repeat":"repeat","background-position":"center center","background-size":"auto","background-attachment":"scroll","background-type":"","background-media":"","overlay-type":"","overlay-color":"","overlay-opacity":"","overlay-gradient":""}},"footnotes":""},"class_list":["post-133","page","type-page","status-publish","hentry"],"_links":{"self":[{"href":"https:\/\/simoneetanna.fr\/index.php\/wp-json\/wp\/v2\/pages\/133","targetHints":{"allow":["GET"]}}],"collection":[{"href":"https:\/\/simoneetanna.fr\/index.php\/wp-json\/wp\/v2\/pages"}],"about":[{"href":"https:\/\/simoneetanna.fr\/index.php\/wp-json\/wp\/v2\/types\/page"}],"author":[{"embeddable":true,"href":"https:\/\/simoneetanna.fr\/index.php\/wp-json\/wp\/v2\/users\/1"}],"replies":[{"embeddable":true,"href":"https:\/\/simoneetanna.fr\/index.php\/wp-json\/wp\/v2\/comments?post=133"}],"version-history":[{"count":75,"href":"https:\/\/simoneetanna.fr\/index.php\/wp-json\/wp\/v2\/pages\/133\/revisions"}],"predecessor-version":[{"id":1583,"href":"https:\/\/simoneetanna.fr\/index.php\/wp-json\/wp\/v2\/pages\/133\/revisions\/1583"}],"wp:attachment":[{"href":"https:\/\/simoneetanna.fr\/index.php\/wp-json\/wp\/v2\/media?parent=133"}],"curies":[{"name":"wp","href":"https:\/\/api.w.org\/{rel}","templated":true}]}}